)/((-1)/(-2)). Suppose -4*y + 3*c + 140 = n, r*y + c + 3*c = 206. List the prime factors of y.
2, 19
Suppose -245*m - 3*p = -246*m + 8131, -2*p = -m + 8135. What are the prime factors of m?
17, 479
Let j = -12994 - -22300. List the prime factors of j.
2, 3, 11, 47
Suppose 53*f - 356421 = 653123. List the prime factors of f.
2, 2381
Let u(d) = d**3 - 2*d**2 - 2*d. Let r be u(0). Suppose -2*q + 6 + 4 = r. Suppose -3*o = 3*p - 138, q*p - 3*o + 53 = 291. List the prime factors of p.
47
Suppose -43 + 17 = -13*l. Suppose -h - l*h = -1230. List the prime factors of h.
2, 5, 41
Suppose 7*n = 17011 + 49174. Suppose 8*c = -3767 + n. What are the prime factors of c?
3, 79
Let n(m) = -9*m + 10 - 19*m**2 + 12*m**2 - 3*m + 12*m**2. Let p be n(-6). Let b = -171 + p. List the prime factors of b.
7, 13
Let i be (-1 + -1*1/(-2))*-4. Let f be (2/4)/(3*i/48). What are the prime factors of -3 - (f/4 - 138)?
2, 67
Suppose 4*r = 2*r + 8. Suppose -3*d = -4*p + 6 - 2, -2*d = -r*p + 4. Let t(v) = 60*v - 4. List the prime factors of t(p).
2, 7
Let i be 2/(5/4 - 1). Suppose 0 = -i*u + 2125 + 355. What are the prime factors of u?
2, 5, 31
Suppose 0 = -5*o - q + 3 + 19, 0 = -2*o + q + 6. Let l be 6*-2*o/24. List the prime factors of ((-2)/l*-1 - -99) + 0.
2, 7
What are the prime factors of (2/4 + -1)*-38344?
2, 4793
Suppose w + w = 4*w. Let i be (-4 - -7 - w)/((-2)/(-2)). Suppose 0 = -b - 4*p + 180, -4*p + 8*p + 460 = i*b. List the prime factors of b.
2, 5
Suppose 1021*s + 45661 = 1023*s - 5*v, 0 = s + 5*v - 22793. List the prime factors of s.
2, 3, 3803
Let y be 524*12/(-24)*(-3)/6. Let q be 118/6*3/(-1). Let j = y + q. What are the prime factors of j?
2, 3
Let k = 28475 - -11719. What are the prime factors of k?
2, 3, 7, 11, 29
Suppose 17*x + 34690 = 21*x - 2*d, 0 = 4*x - d - 34695. What are the prime factors of x?
5, 347
Suppose 5*v + 915 = 8*j - 4*j, 2*j + 4*v - 464 = 0. Suppose j = 2*r - 2*z, 0 = 4*r + 11*z - 6*z - 469. What are the prime factors of r?
2, 29
Suppose -2*x - 9 = -21. Suppose 3*v = m - 11, x*m + 4 = 2*m. List the prime factors of v/3 + (-1410)/(-18).
7, 11
Let h(d) = 2*d**2 - 8 + 4*d**3 + 15*d - 8*d + 0*d**3 - 3*d**3. What are the prime factors of h(5)?
2, 101
Suppose -2105 = 6*a + 1237. Let g = -265 - a. List the prime factors of g.
2, 73
Let v be ((-4)/(32/12))/(18/(-9408)). Suppose -v = 3*n - 2539. List the prime factors of n.
3, 5, 13
Let d(y) = 36*y**2 + y**3 + 30*y**2 - 5*y + 3 + 36*y**2 - 106*y**2. Let k be d(5). Suppose -6*b + k*b + 54 = 0. List the prime factors of b.
2, 3
Let j(d) = -d + 33. Let o = 21 + 6. Let u be j(o). List the prime factors of ((-45)/u)/(-3)*(52 - 2).
5
Let k = -70769 + 104357. What are the prime factors of k?
2, 3, 311
Let c = 4348 + -3446. What are the prime factors of c?
2, 11, 41
Suppose -30*q = -23*q. Suppose -8*r + 3356 + 3228 = q. List the prime factors of r.
823
Suppose -2*u = -0*q + 5*q - 3950, -4*u = -9*q + 7072. List the prime factors of q.
2, 197
Let g(p) = -p + 18. Let n be g(14). Let k be 18 + 1/n*0. List the prime factors of 4 - (1*k)/(15/(-40)).
2, 13
Let h(j) = -11*j**3 + 4*j + 1. Let t be h(-3). Let r(u) = -u**2 + 9*u - 56. Let v be r(16). Let d = v + t. What are the prime factors of d?
2, 59
Let v be 48438/33 - 4/(-22). Suppose 4*h = -6*y + 3*y + 1468, -y + v = 4*h. What are the prime factors of h?
367
Suppose 4*g + 2152 = -y, 4*y - 30*g = -28*g - 8644. Let q = y + 3415. List the prime factors of q.
5, 251
Let l be 17556/95 - 4/(-20). Let d = l - -211. What are the prime factors of d?
2, 3, 11
Let r be -1137*2*(-1)/6. Suppose -5*m = -6*m + r. List the prime factors of m.
379
Suppose -40*v + 35*v + 10 = 0. List the prime factors of 2/6 - (v - 1345/15).
2, 11
Let w = 107 + -105. Suppose 4*h - 5*t = -0 - w, 6 = h + 2*t. List the prime factors of (h + 1)*872/24.
109
Suppose h + 57 + 51 = 3*m, 108 = 3*m + 2*h. Let k(j) = j**2 - j. Let c be k(1). List the prime factors of m/(-9) - (-1 - (148 - c)).
5, 29
Let m(f) = -89*f**3 - 12*f**2 - 172*f - 943. What are the prime factors of m(-9)?
2, 32257
Let k(t) = t - 20. Let x be k(16). Let d be 4/(x - (-2840)/708). Let q = -243 + d. List the prime factors of q.
3, 37
Let n = 8 + 7. Suppose -2*w = -5*m + 54, 2*w - n = -m + w. What are the prime factors of 5/20 + 1917/m?
2, 5
Let v = 22936 - 14565. List the prime factors of v.
11, 761
Let l(d) = 2*d**2 + 13*d + 8. Let q be l(-8). Let t be ((-4)/6)/((q/(-570))/8). Let x = t - -157. List the prime factors of x.
2, 3, 7
Suppose -7*w + 137 = -u - 2*w, 5*u + 737 = -w. Let p = -8 - u. What are the prime factors of p?
139
Let f(p) = 28*p - 6. Let t be f(7). Suppose 0 = -1613*u + 1608*u - 675. Let h = t + u. List the prime factors of h.
5, 11
Let t = -31 + 71. Let c = 133 + -109. Let u = c + t. What are the prime factors of u?
2
Let q(i) = -3 - 117*i - i**2 + 2 + 121*i. Let t be q(3). Suppose t*y - 460 = 116. What are the prime factors of y?
2, 3
Let w = 239 - -12133. List the prime factors of w.
2, 3, 1031
Suppose 16*f + 41*f - 2757760 = -23*f. What are the prime factors of f?
2, 31, 139
Let s(n) = -n**2 + 6*n + 16. Let y be s(9). Let a(c) = 3*c**2 + 11*c - 48. What are the prime factors of a(y)?
2, 97
Let q(v) = 127*v**2 - 2*v - 3. Suppose -4*h + 6 = 2*d, 2*d + 4 - 10 = 0. Suppose 4*c - 6*n + 7*n + 6 = h, 4 = -2*c - n. List the prime factors of q(c).
2, 3, 7
Let v(t) = -23*t**3 + 6*t**2 - 28*t - 71. List the prime factors of v(-5).
2, 7, 13, 17
Let i = -6385 + 8341. What are the prime factors of i?
2, 3, 163
Let l(y) = y**3 + 16*y**2 - 15*y - 5. Let o be l(-10). Suppose -298 - o = -7*h. What are the prime factors of h?
149
Let l(b) = -b**3 - 22*b**2 + 23*b. Let t be l(-23). Let a(d) = 2*d**3 + d**2 - 2*d + 5. What are the prime factors of a(t)?
5
Suppose 3*y - 41020 = 38*a - 40*a, a - 20496 = 2*y. List the prime factors of a.
2, 11, 233
Suppose 5*o - 3*y - 40 = 0, -o + 0*o + 16 = y. What are the prime factors of ((-10)/7)/(o/(-847))?
2, 5, 11
Let d = 36337 - 15992. Suppose d = 6*h + 7*h. What are the prime factors of h?
5, 313
Let z(m) = 10*m**2 - 16*m + 7. Suppose 41*f = 50*f - 54. List the prime factors of z(f).
271
Suppose 3*i - 4*l = -1054 - 322, 3*i + l + 1351 = 0. Let y = 649 + i. What are the prime factors of y?
197
Let a = -11 - -33. Let f = -25 + a. List the prime factors of 3*((-16)/(-6) - (f + 3)).
2
Suppose -d = 4*j + 8 - 172, 4*d - j - 707 = 0. Let i = d + 248. List the prime factors of i.
2, 53
Let f(i) = 14*i + 21. Let o be f(-2). List the prime factors of 910/(-20)*12/o.
2, 3, 13
Suppose -35*r + 23*r + 3456 = 0. What are the prime factors of (r/(-5))/((-3)/10)?
2, 3
Suppose -30*f = -23*f - 35. Let w(i) = 27*i + 30. List the prime factors of w(f).
3, 5, 11
Suppose 7*v = 7 - 0. Let h(i) = 4*i + 1. Let r be h(v). Let o(j) = 4*j**2 + 3*j - 11. List the prime factors of o(r).
2, 13
Let k(j) = -3465*j - 8124. List the prime factors of k(-8).
2, 3, 23, 71
Let a = 13 - 9. Suppose r = -4*o + 10, 7*r + 28 = 9*r + a*o. List the prime factors of (-168)/r*18/(-7).
2, 3
Let d(p) = 189*p + 10. Let a be d(3). Suppose -456 = 3*t - 4*m, 0*t - a = 4*t + 5*m. Let b = t + 201. What are the prime factors of b?
53
Let r be (0 + (-6)/(-8))/((-41)/(-10824)). What are the prime factors of -34014*(-11)/r + 4/3?
31, 61
Suppose 0 = -7*u - 2535 - 12634. Let q = 3056 + u. What are the prime factors of q?
7, 127
Let u = -181 - 128. Let x = u - -407. What are the prime factors of x?
2, 7
Suppose -4*v + 21046 = s, 5*s + 5*v - 17827 = 87328. List the prime factors of s.
2, 10513
Let o = -35 + 53. Let x(m) = 25*m - 39*m + o + 21*m. List the prime factors of x(4).
2, 23
Suppose 5*w + 176 = w. Let x = -39 - w. Suppose x*o - 730 = 4*b - 9*b, -2 = o. What are the prime factors of b?
2, 37
Suppose -5*g + 17560 = 5*y, 6117 + 4425 = 3*g + y. What are the prime factors of g?
5, 19, 37
Let a = 42 - -10. Suppose -a*t + 38*t + 17738 = 0. List the prime factors of t.
7, 181
Let k = 17957 - -11332. What are the prime factors of k?
3, 13, 751
Let r be 5141 - (-8 - (-1)/1). Suppose -3*n = 30*b - 34*b + r, 3*b - n = 3866. What are the prime factors of b?
2, 3, 5, 43
Let z(x) = 236*x**2 - 2*x - 17. Let h be z(12). Let d be h/77 + (-2)/11*-1. Suppose -18*t = -15*t - d. What are the prime factors of t?
3, 7
List the prime factors of 110/2*-401*18/(-90).
11, 40